ase 14.
2
What is 1020 (base 4) in base 2?
1001000
-2 (base 15) to base 14
-2
Convert 0 (base 12) to base 5.
0
-8 (base 11) to base 15
-8
-320 (base 4) to base 10
-56
Convert -6 (base 8) to base 7.
-6
Convert -6 (base 16) to base 10.
-6
Convert -b (base 12) to base 9.
-12
What is -150 (base 6) in base 4?
-1002
Convert 9 (base 13) to base 7.
12
Convert a (base 16) to base 12.
a
Convert -6 (base 8) to base 11.
-6
What is 0 (base 2) in base 16?
0
4 (base 14) to base 13
4
Convert 4 (base 7) to base 11.
4
What is -2 (base 13) in base 3?
-2
What is -102012 (base 3) in base 16?
-12e
1 (base 8) to base 14
1
-17 (base 9) to base 2
-10000
3a (base 11) to base 10
43
What is -58 (base 10) in base 13?
-46
Convert 27 (base 10) to base 2.
11011
What is 3 (base 8) in base 11?
3
What is -451 (base 8) in base 10?
-297
-2 (base 9) to base 4
-2
Convert 235 (base 8) to base 4.
2131
What is 5 (base 12) in base 13?
5
What is -2 (base 9) in base 10?
-2
What is 6 (base 10) in base 3?
20
What is -184 (base 12) in base 11?
-202
What is 0 (base 8) in base 16?
0
Convert 8 (base 10) to base 11.
8
Convert -9 (base 11) to base 6.
-13
101 (base 2) to base 11
5
Convert -431 (base 6) to base 2.
-10100011
Convert 1001 (base 3) to base 6.
44
1324 (base 6) to base 8
524
What is -3 (base 11) in base 16?
-3
-3 (base 15) to base 3
-10
10 (base 8) to base 15
8
Convert 121 (base 16) to base 4.
10201
Convert -6 (base 13) to base 14.
-6
Convert 1 (base 6) to base 10.
1
What is 1 (base 10) in base 4?
1
What is -135 (base 8) in base 4?
-1131
Convert -7 (base 15) to base 6.
-11
3 (base 4) to base 2
11
347 (base 8) to base 2
11100111
What is 10 (base 4) in base 13?
4
What is 1000000 (base 2) in base 16?
40
Convert 110 (base 4) to base 16.
14
What is 4 (base 5) in base 15?
4
-1a (base 15) to base 8
-31
Convert 201 (base 10) to base 4.
3021
What is -10 (base 3) in base 7?
-3
What is -21 (base 11) in base 16?
-17
2 (base 11) to base 15
2
What is 2a (base 16) in base 14?
30
What is -10 (base 2) in base 14?
-2
Convert 92 (base 14) to base 6.
332
Convert 0 (base 5) to base 3.
0
Convert 13 (base 5) to base 7.
11
202 (base 3) to base 15
15
Convert 30 (base 5) to base 13.
12
What is 3 (base 16) in base 2?
11
2 (base 8) to base 13
2
What is -132 (base 11) in base 10?
-156
What is -21 (base 11) in base 3?
-212
6 (base 10) to base 13
6
Convert 121 (base 5) to base 4.
210
What is -39 (base 15) in base 2?
-110110
What is -2 (base 11) in base 3?
-2
What is -1011 (base 2) in base 8?
-13
0 (base 13) to base 7
0
What is -11 (base 5) in base 16?
-6
Convert 42 (base 8) to base 3.
1021
Convert -103 (base 4) to base 7.
-25
Convert 2 (base 6) to base 3.
2
Convert 243 (base 5) to base 16.
49
2 (base 3) to base 13
2
What is 0 (base 11) in base 12?
0
Convert 1 (base 9) to base 7.
1
5 (base 12) to base 13
5
-404 (base 5) to base 7
-206
Convert 140 (base 6) to base 16.
3c
What is -303 (base 4) in base 15?
-36
What is -1 (base 6) in base 12?
-1
0 (base 3) to base 7
0
Convert 158 (base 11) to base 4.
2320
What is 71 (base 8) in base 3?
2010
Convert -172 (base 13) to base 8.
-406
Convert 10 (base 10) to base 2.
1010
What is 12122 (base 3) in base 10?
152
Convert -3 (base 6) to base 11.
-3
-1 (base 6) to base 7
-1
Convert 0 (base 13) to base 2.
0
11 (base 3) to base 2
100
Convert 10101111 (base 2) to base 13.
106
-40 (base 6) to base 13
-1b
-2 (base 4) to base 5
-2
What is 111 (base 2) in base 14?
7
What is 6 (base 10) in base 4?
12
Convert -2 (base 8) to base 2.
-10
b4 (base 14) to base 10
158
Convert -241 (base 6) to base 15.
-67
What is 6 (base 16) in base 5?
11
What is ca (base 16) in base 5?
1302
-25 (base 16) to base 5
-122
Convert 5 (base 8) to base 9.
5
What is 3e (base 15) in base 8?
73
Convert -45 (base 16) to base 14.
-4d
Convert -10101 (base 3) to base 8.
-133
Convert 1200 (base 3) to base 14.
33
Convert -1 (base 5) to base 14.
-1
What is 7 (base 9) in base 16?
7
What is -f0 (base 16) in base 15?
-110
16 (base 9) to base 6
23
Convert 3 (base 11) to base 10.
3
What is -30 (base 11) in base 13?
-27
What is -4c (base 13) in base 14?
-48
Convert -12 (base 10) to base 15.
-c
What is 1 (base 16) in base 8?
1
What is 1a (base 15) in base 16?
19
10 (base 2) to base 14
2
Convert -9e (base 16) to base 6.
-422
0 (base 9) to base 5
0
4a (base 14) to base 7
123
Convert 0 (base 13) to base 6.
0
What is 2 (base 4) in base 13?
2
What is 16 (base 13) in base 8?
23
Convert -112 (base 4) to base 14.
-18
-120 (base 5) to base 10
-35
12 (base 5) to base 9
7
What is 6 (base 16) in base 12?
6
Convert 0 (base 9) to base 2.
0
What is -142 (base 13) in base 16?
-df
What is 141 (base 6) in base 2?
111101
253 (base 7) to base 8
210
-120 (base 3) to base 12
-13
170 (base 9) to base 13
b1
Convert 1 (base 13) to base 2.
1
45 (base 7) to base 9
36
3 (base 6) to base 9
3
What is 45 (base 15) in base 12?
55
Convert -b (base 14) to base 12.
-b
Convert -10102 (base 3) to base 14.
-68
Convert 16 (base 12) to base 7.
24
Convert -2 (base 12) to base 15.
-2
Convert 101 (base 2) to base 10.
5
-1d (base 15) to base 2
-11100
What is -52 (base 14) in base 16?
-48
Convert 67 (base 13) to base 9.
104
What is 220 (base 7) in base 14?
80
22 (base 4) to base 3
101
Convert 6 (base 16) to base 14.
6
Convert 21 (base 6) to base 13.
10
Convert -b (base 15) to base 13.
-b
What is -2 (base 13) in base 9?
-2
What is -111 (base 4) in base 2?
-10101
What is -1d (base 16) in base 14?
-21
Convert 0 (base 3) to base 11.
0
2 (base 13) to base 15
2
What is -30 (base 4) in base 15?
-c
What is -5 (base 10) in base 11?
-5
Convert 0 (base 13) to base 4.
0
Convert 9 (base 11) to base 13.
9
Convert 1 (base 11) to base 13.
1
13 (base 10) to base 4
31
-189 (base 10) to base 13
-117
Convert 3 (base 7) to base 13.
3
Convert 51 (base 7) to base 2.
100100
What is -a (base 15) in base 14?
-a
Convert 1 (base 15) to base 3.
1
Convert 5 (base 14) to base 13.
5
What is -6 (base 11) in base 8?
-6
Convert 100 (base 6) to base 15.
26
52 (base 8) to base 2
101010
11 (base 7) to base 10
8
-2 (base 7) to base 11
-2
Convert 2 (base 6) to base 2.
10
4 (base 8) to base 3
11
4 (base 15) to base 4
10
311 (base 4) to base 16
35
-6 (base 14) to base 10
-6
50 (base 7) to base 16
23
What is -3 (base 13) in base 12?
-3
What is -157 (base 9) in base 12?
-b1
Convert -10 (base 13) to base 16.
-d
-32 (base 13) to base 11
-38
-52 (base 13) to base 2
-1000011
What is 3 (base 14) in base 10?
3
What is 42 (base 7) in base 12?
26
What is 173 (base 10) in base 2?
10101101
Convert -20 (base 8) to base 7.
-22
10 (base 2) to base 13
2
Convert 5 (base 12) to base 3.
12
-a (base 15) to base 16
-a
Convert -65 (base 11) to base 15.
-4b
111001 (base 2) to base 3
2010
What is 12 (base 13) in base 6?
23
5 (base 13) to base 14
5
What is 4b (base 14) in base 15?
47
What is 7 (base 15) in base 13?
7
Convert 41 (base 7) to base 16.
1d
What is 5 (base 13) in base 3?
12
What is -31 (base 8) in base 3?
-221
Convert -5 (base 13) to base 3.
-12
What is -352 (base 8) in base 5?
-1414
Convert 3 (base 16) to base 8.
3
What is 0 (base 2) in base 9?
0
Convert 11 (base 2) to base 12.
3
-96 (base 15) to base 6
-353
a3 (base 11) to base 3
11012
-1 (base 14) to base 9
-1
What is -4 (base 6) in base 4?
-10
What is -a8 (base 11) in base 13?
-91
Convert 1 (base 13) to base 12.
1
53 (base 6) to base 9
36
Convert 20 (base 5) to base 8.
12
What is -30 (base 9) in base 11?
-25
Convert a (base 13) to base 16.
a
What is -3 (base 6) in base 10?
-3
Convert -31 (base 9) to base 6.
-44
What is 1ba (base 12) in base 6?
1154
Convert -2 (base 13) to base 14.
-2
Convert -3 (base 5) to base 8.
-3
305 (base 10) to base 5
2210
3 (base 6) to base 7
3
-1 (base 10) to base 5
-1
What is -1 (base 11) in base 14?
-1
2 (base 10) to base 7
2
Convert -11010 (base 2) to base 3.
-222
3 (base 8) to base 14
3
Convert 123 (base 9) to base 4.
1212
8 (base 10) to base 15
8
d (base 15) to base 5
23
What is 0 (base 13) in base 14?
0
Convert 81 (base 15) to base 8.
171
21 (base 8) to base 2
10001
What is 153 (base 6) in base 3?
2120
Convert -11 (base 10) to base 2.
-1011
Convert 6 (base 13) to base 15.
6
What is -3 (base 11) in base 12?
-3
Convert -1 (base 16) to base 13.
-1
What is -25 (base 16) in base 9?
-41
20 (base 4) to base 2
1000
What is -17 (base 15) in base 8?
-26
-